). Let r = -171 + b. Calculate the remainder when 60 is divided by r.
4
Let r(i) = 11*i**2 + 52*i - 108. Calculate the remainder when 82 is divided by r(2).
2
Let n = 855 - 521. Calculate the remainder when n is divided by 13.
9
What is the remainder when (-4)/22 - 7985/330*-6 is divided by 126?
19
Let q(l) = l**2 - 4*l - 6. Let m = 164 - 104. What is the remainder when q(11) is divided by m/9*(-99)/(-44)?
11
Suppose 2*a + 240 = 2*f, 0 = 12*f - 26*f + 2*a + 1596. Suppose -2*w - 124 = -3*l - 0*w, -5*w = -l + 37. Calculate the remainder when f is divided by l.
29
Suppose 9*d - 344 = 403. Let n = 724 + -695. Calculate the remainder when d is divided by n.
25
What is the remainder when 2 + (161325/(-20))/(-15) - (-2)/8 is divided by 185?
170
Suppose -2*r = -h - 23, -77*r + 4*h = -76*r - 22. Calculate the remainder when 2857 is divided by r.
7
Suppose 0 = -17*b + 23*b - 144. What is the remainder when 5202/b - (-3)/12 is divided by 16?
9
Suppose -12*g = -123 - 477. What is the remainder when 2545 is divided by g?
45
Let m = 4112 - 3704. Calculate the remainder when m is divided by 97.
20
Let p = 457 + -455. Calculate the remainder when -2 - (-274)/8 - (-3)/(-12) is divided by p.
0
Let c(f) = -f**2 + 117*f - 2541. Calculate the remainder when 505 is divided by c(34).
224
Let z(n) = -99*n**3 - 2*n - 3. Calculate the remainder when z(-1) is divided by 44.
10
Let n(g) = -21*g - 10. Let i be n(-2). Suppose i*v - 11073 - 6111 = 0. What is the remainder when v is divided by 45?
42
Let m = 15 - 12. Suppose -b - 5 = -2*b. Suppose b*n = 4*h + 108 - 43, -n + 32 = m*h. What is the remainder when n is divided by 11?
6
Let z = 312 - 307. What is the remainder when (36 + 1)*(-2 + 3) is divided by 28*4/(-8)*(z + -6)?
9
Calculate the remainder when 101 is divided by 2337/(-38)*(-10)/15.
19
Let b be ((-6)/(-4))/((36/40)/3). Suppose 4*i - 5 = -i, 4*n + b*i - 57 = 0. What is the remainder when 103 is divided by n?
12
Suppose 208*d - 2*s = 209*d - 267, 5*s - 20 = 0. Calculate the remainder when d is divided by 15.
4
Suppose -2*r - 1741*y + 161 = -1740*y, -5*y = r - 85. Calculate the remainder when 443 is divided by r.
43
Suppose 28*g = 32*g - 2648. Suppose -3*y - 107 = -g. What is the remainder when y is divided by 62?
61
Let g(k) = -2*k**3 + 37*k**2 + 80*k - 1217. What is the remainder when g(18) is divided by 79?
73
Suppose 0 = 5*q + 3*m - 13126, 5*q = 6*q - 4*m - 2616. Calculate the remainder when q is divided by 26.
24
Let w = -81 + 89. Suppose 24 = w*g - 4*g. Suppose g*b - 17*b = -198. What is the remainder when 87 is divided by b?
15
Let q(y) = 15*y + 23 - 8*y**2 - 17 - 48 + 9*y**2. What is the remainder when 77 is divided by q(3)?
5
Let t(j) = 2*j**2 - 27*j + 75. Let p be t(6). What is the remainder when 622 is divided by (-1 - 55/p)*6?
14
Suppose -5*w + 5*p + 970 + 750 = 0, 4*p + 1038 = 3*w. Calculate the remainder when w is divided by 48.
2
Let h = 139 + -62. Suppose 62 = -4*z + 278. Suppose 26*x - z = 24*x. Calculate the remainder when h is divided by x.
23
Let j = 94 + -16. Suppose 0 = -2*v + 15*v - j. Suppose -3*w = -v*w, -3*c + 57 = 3*w. What is the remainder when 93 is divided by c?
17
Let o(m) = -4*m**3 + 16*m**2 + 8*m - 14. Suppose -4*j = -9*j + 15. Calculate the remainder when o(4) is divided by j.
0
Let a = -6284 + 6512. What is the remainder when a is divided by 64?
36
Let i be (9/72)/(((-21)/24)/(-7)). Calculate the remainder when 439 is divided by (-8)/((-24)/(-30) - i).
39
Let k be ((-47)/(-5))/(5/25). Suppose 0 = 2*h + t - k, 3*h = t + 77 - 4. Calculate the remainder when h is divided by 17.
7
Suppose 10*c - 15*c = -100. Suppose -7*a + c = -3*a + 3*w, -2*a = -w - 10. Suppose -t - a = -14. What is the remainder when 15 is divided by t?
6
Let h be ((-4)/6)/(8/156). Let j(a) be the first derivative of -7*a**2/2 - 20*a + 8. What is the remainder when j(h) is divided by 12?
11
Suppose -5*t + 1793 = -a, -2*t = 4*a - 3*t + 7153. Let g = a - -2580. What is the remainder when g is divided by 61?
60
Suppose 547 = -31*s + 7119. Calculate the remainder when 7419 is divided by s.
211
Suppose 0 = m + 15*o - 11*o - 92, -2*m + 5*o = -158. What is the remainder when m is divided by 43?
41
Suppose -261 = 5*p + 9. Let k = 59 + p. Suppose 0 = -r - k*r + 204. Calculate the remainder when 100 is divided by r.
32
Suppose 97213 - 4585 = 66*j + 3858. What is the remainder when j is divided by 87?
40
Let b be 9/(-12) + 120/32. Suppose 29 + 47 = b*l + m, -2*m - 145 = -5*l. What is the remainder when (-31 - 1)*10/(-4) is divided by l?
26
Let d be 2/(-4)*(-1 - -157). Let x be 34 - -47 - (-4 + -3). Let y = x + d. Calculate the remainder when 27 is divided by y.
7
Suppose 1421 = -5*h - 2*z, 2*h = -3*h + 3*z - 1431. Let x = 473 + h. What is the remainder when x is divided by 9?
8
What is the remainder when 595 is divided by (2/8*176/3)/((-24)/(-72))?
23
Suppose 46*k - 51*k = h - 81, 2*k - 28 = 4*h. What is the remainder when 652 is divided by k?
12
Let x(d) be the third derivative of 0*d - 5/6*d**3 + 11/8*d**4 + 0 - 7*d**2. What is the remainder when x(4) is divided by 26?
23
Suppose -20 = -7*q + 2*q. Let i(l) be the first derivative of 4*l**2 - 17*l + 66. What is the remainder when 59 is divided by i(q)?
14
Suppose 1924 = 24*j + 2044. Let n be ((-4)/(-1))/(1*-1). Calculate the remainder when 152 is divided by (-75)/j - (2 + n).
16
Let x(s) = 2*s**3 + 113*s**2 + 45*s - 613. Calculate the remainder when 15 is divided by x(-56).
0
Suppose 213*s - 4058 - 23861 = 4457. What is the remainder when 831 is divided by s?
71
Suppose 3*p = -2*v - 2*p + 66, p - 142 = -5*v. What is the remainder when (-1)/3 + (-15616)/(-48) + 5 is divided by v?
22
Let c be (-5)/(-25) - -93*5/(-75). Calculate the remainder when 202 is divided by (9/c)/(3/(-82)).
38
Let j = -14996 - -15018. What is the remainder when 525 is divided by j?
19
Suppose 0 = 22*m - 48*m + 8866. What is the remainder when m is divided by 49?
47
Let z(x) = x**3 + 21*x**2 - 15*x + 15. Let c be z(-11). Suppose 13*a = c - 402. Calculate the remainder when a is divided by 31.
14
Let q(g) = g**2 + 32*g + 4. Let s be q(-32). Let p = 216 + -149. What is the remainder when p is divided by 3*(-57)/(-9) + s?
21
Let d(g) = -371*g - 25063. Let s(f) = 27*f**3 + 2*f**2 - f. Calculate the remainder when d(-68) is divided by s(1).
25
Let p(a) be the first derivative of 4*a**3/3 + 7*a**2/2 - 3*a + 143. Calculate the remainder when p(4) is divided by 41.
7
Let y(x) be the second derivative of -23*x**3/6 + 88*x**2 + 19*x - 5. What is the remainder when 263 is divided by y(6)?
35
What is the remainder when 101 is divided by (-7 - ((-18)/(-84))/((-2)/91))*24?
35
Suppose 2*z = 18*t - 27*t + 3456, -3*t = 4*z - 6792. Calculate the remainder when z is divided by 213.
201
Let l be ((-13426)/(-21))/(3/(-9)). Calculate the remainder when 494 is divided by 2/10 - l/35.
54
Suppose 553*t = 524*t + 2668. Calculate the remainder when 470 is divided by t.
10
What is the remainder when 2 - (-14 + 0/1) is divided by (-246)/(-26) + (-11226)/24323?
7
Suppose -2*p = -t - 32, -p + 4*t + 10 = 2*t. What is the remainder when 19 is divided by p/30 + 60/25?
1
Suppose -f - p + 210 = 0, -15*f = -17*f - 5*p + 411. Let t = f - 188. What is the remainder when 145 is divided by t?
20
Let k = -33 - -96. Let c(u) = -u**2 - 531*u + 33532. What is the remainder when k is divided by c(57)?
15
Let c(x) = x**2 - 11*x + 62. Let k be c(9). Let w = k - -21. Let b = -55 + w. Calculate the remainder when 17 is divided by b.
7
Let u be -1 - 3 - (-9 - -14). What is the remainder when (-19)/3*(10 + u)*-3 is divided by 8?
3
Suppose 28*b + 66 = 1046. What is the remainder when 201 is divided by b?
26
Suppose -2*m - n + 7 = 0, -8*m + 3*m = 4*n - 22. Suppose -3*x = -m*x + 3, x = -5*u + 42. Calculate the remainder when 35 is divided by u.
8
Suppose 88 = 5*q - o, 5*q - 119 = -3*o - 23. What is the remainder when (-7 + -7)/(-2) - -495 is divided by q?
16
Let n(z) = 4*z**2 - 3*z. Let y be n(3). Let m = -10 + y. Suppose 5*v = 3*q - 65, -147*v + 152*v + 85 = 5*q. Calculate the remainder when m is divided by q.
7
Suppose 891*u - 113100 = 831*u. What is the remainder when u is divided by 32?
29
Let k = -9 - 226. Let s = -182 - k. Calculate the remainder when s is divided by 30.
23
Let z(p) = -33*p - 90. 